it of 1223658?
2
What is the tens digit of 9629888?
8
What is the tens digit of 223499?
9
What is the thousands digit of 5950646?
0
What is the tens digit of 5131518?
1
What is the thousands digit of 52367?
2
What is the hundreds digit of 179168?
1
What is the tens digit of 348010?
1
What is the hundred thousands digit of 3565786?
5
What is the hundred thousands digit of 147560?
1
What is the hundred thousands digit of 7981406?
9
What is the thousands digit of 180137?
0
What is the tens digit of 3110619?
1
What is the units digit of 5042?
2
What is the units digit of 494157?
7
What is the units digit of 208918?
8
What is the units digit of 65050?
0
What is the millions digit of 33867098?
3
What is the units digit of 425104?
4
What is the hundred thousands digit of 5606542?
6
What is the hundred thousands digit of 42360297?
3
What is the millions digit of 10840659?
0
What is the hundred thousands digit of 874736?
8
What is the millions digit of 2797812?
2
What is the tens digit of 1654970?
7
What is the hundreds digit of 5340025?
0
What is the hundred thousands digit of 212542?
2
What is the hundreds digit of 612697?
6
What is the hundred thousands digit of 116419?
1
What is the tens digit of 17228839?
3
What is the hundreds digit of 1822501?
5
What is the ten millions digit of 19844597?
1
What is the ten thousands digit of 344169?
4
What is the millions digit of 15200400?
5
What is the units digit of 187084?
4
What is the ten thousands digit of 15238026?
3
What is the tens digit of 683555?
5
What is the tens digit of 1250793?
9
What is the thousands digit of 409552?
9
What is the thousands digit of 1700397?
0
What is the hundred thousands digit of 5687533?
6
What is the millions digit of 8119477?
8
What is the hundreds digit of 946245?
2
What is the hundred thousands digit of 3045951?
0
What is the hundreds digit of 12389801?
8
What is the tens digit of 7480663?
6
What is the units digit of 142341?
1
What is the tens digit of 1882850?
5
What is the hundred thousands digit of 4144771?
1
What is the ten thousands digit of 63715?
6
What is the hundred thousands digit of 239314?
2
What is the units digit of 97943?
3
What is the ten thousands digit of 789163?
8
What is the units digit of 309485?
5
What is the hundreds digit of 186480?
4
What is the thousands digit of 2416186?
6
What is the hundred thousands digit of 728288?
7
What is the units digit of 35003?
3
What is the units digit of 3682930?
0
What is the thousands digit of 8216079?
6
What is the tens digit of 8230661?
6
What is the hundreds digit of 1345349?
3
What is the thousands digit of 73219?
3
What is the units digit of 283237?
7
What is the tens digit of 30832956?
5
What is the thousands digit of 1896959?
6
What is the hundreds digit of 831067?
0
What is the thousands digit of 8618829?
8
What is the hundreds digit of 92226?
2
What is the hundreds digit of 979533?
5
What is the hundred thousands digit of 2232745?
2
What is the hundred thousands digit of 1332308?
3
What is the ten thousands digit of 2253565?
5
What is the thousands digit of 128952?
8
What is the thousands digit of 1768842?
8
What is the hundred thousands digit of 189184?
1
What is the hundreds digit of 743990?
9
What is the tens digit of 224220?
2
What is the thousands digit of 642677?
2
What is the hundred thousands digit of 4186974?
1
What is the units digit of 3629?
9
What is the hundred thousands digit of 5095311?
0
What is the hundred thousands digit of 3303712?
3
What is the units digit of 11686253?
3
What is the units digit of 363522?
2
What is the hundred thousands digit of 15926846?
9
What is the millions digit of 6948351?
6
What is the tens digit of 547603?
0
What is the ten thousands digit of 92730?
9
What is the units digit of 1568963?
3
What is the thousands digit of 493440?
3
What is the thousands digit of 665052?
5
What is the thousands digit of 3499526?
9
What is the hundred thousands digit of 4023266?
0
What is the ten thousands digit of 12707898?
0
What is the tens digit of 1205452?
5
What is the tens digit of 116460?
6
What is the ten thousands digit of 75562?
7
What is the tens digit of 141739?
3
What is the tens digit of 2665181?
8
What is the hundred thousands digit of 3625179?
6
What is the ten thousands digit of 193711?
9
What is the units digit of 7958185?
5
What is the millions digit of 15327379?
5
What is the units digit of 10342339?
9
What is the ten millions digit of 11345133?
1
What is the ten thousands digit of 442104?
4
What is the units digit of 7737682?
2
What is the millions digit of 2283726?
2
What is the ten thousands digit of 172261?
7
What is the hundred thousands digit of 1114938?
1
What is the hundreds digit of 130838?
8
What is the millions digit of 7279486?
7
What is the hundred thousands digit of 10881504?
8
What is the millions digit of 31483633?
1
What is the units digit of 103618?
8
What is the thousands digit of 2198512?
8
What is the ten thousands digit of 91766?
9
What is the hundred thousands digit of 8103086?
1
What is the thousands digit of 299785?
9
What is the hundred thousands digit of 12984189?
9
What is the thousands digit of 364967?
4
What is the hundred thousands digit of 430804?
4
What is the hundreds digit of 95127?
1
What is the units digit of 1823327?
7
What is the tens digit of 246955?
5
What is the hundred thousands digit of 437589?
4
What is the ten thousands digit of 710205?
1
What is the ten thousands digit of 661113?
6
What is the units digit of 2677267?
7
What is the units digit of 10381124?
4
What is the ten thousands digit of 110026?
1
What is the hundred thousands digit of 272003?
2
What is the hundreds digit of 7258097?
0
What is the ten thousands digit of 5345106?
4
What is the hundred thousands digit of 2673307?
6
What is the tens digit of 314992?
9
What is the thousands digit of 207615?
7
What is the units digit of 686307?
7
What is the hundreds digit of 3378793?
7
What is the tens digit of 1036324?
2
What is the ten thousands digit of 144236?
4
What is the millions digit of 12740814?
2
What is the hundred thousands digit of 25329299?
3
What is the hundred thousands digit of 116492?
1
What is the hundreds digit of 10171154?
1
What is the tens digit of 1365047?
4
What is the tens digit of 1291847?
4
What is the units digit of 52882?
2
What is the hundreds digit of 526868?
8
What is the units digit of 244614?
4
What is the hundreds digit of 719309?
3
What is the hundreds digit of 916135?
1
What is the ten thousands digit of 819375?
1
What is the millions digit of 6664835?
6
What is the ten thousands digit of 255495?
5
What is the ten thousands digit of 137924?
3
What is the ten thousands digit of 2904749?
0
What is the ten thousands digit of 6750598?
5
What is the tens digit of 4066927?
2
What is the hundred thousands digit of 135375?
1
What is the units digit of 3309333?
3
What is the units digit of 1855315?
5
What is the tens digit of 607197?
9
What is the ten thousands digit of 705202?
0
What is the units digit of 242598?
8
What is the tens digit of 511817?
1
What is the ten thousands digit of 11609679?
0
What is the tens digit of 45280966?
6
What is the millions digit of 6567570?
6
What is the thousands digit of 6596780?
6
What is the hundred thousands digit of 215346?
2
What is the hundred thousands digit of 675162?
6
What is the ten thousands digit of 2226678?
2
What is the hundreds digit of 16350047?
0
What is the hundreds digit of 4977131?
1
What is the hundred thousands digit of 3356783?
3
What is the hundred thousands digit of 568577?
5
What is the hundreds digit of 27708306?
3
What is the thousands digit of 2064526?
4
What is the tens digit of 669738?
3
What is the millions digit of 9213493?
9
What is the millions digit of 6093448?
6
What is the hundred thousands digit of 1098062?
0
What is the thousands digit of 156711?
6
What is the tens digit of 1249587?
8
What is the thousands digit of 5385869?
5
What is the hundreds digit of 81400?
4
What is the thousands digit of 10074788?
4
What is the thousands digit of 2854633?
4
What is the hundred thousands digit of 224382?
2
What is the millions digit of 2357092?
2
What is the ten thousands digit of 91922?
9
What is the millions digit of 9754868?
9
What is the hundred thousands digit o